 13, 191
Suppose -29*j = -39321 - 185313. What are the prime factors of j?
2, 3, 1291
List the prime factors of (-6672)/278 - (-1 - 43867).
2, 97, 113
Suppose 5*k = -h - 7, 8*k = -h + 5*k - 3. Suppose 31 = h*f - 0*z - z, f - z = 7. What are the prime factors of f?
2, 3
Suppose -2*q + 77852 = 2*r - 55762, -3*q - 5*r + 200433 = 0. List the prime factors of q.
3, 7, 3181
Suppose d - 2*t - 7374 - 5988 = 0, d - 13334 = -5*t. What are the prime factors of d?
2, 11, 607
Let x = 11217 + 5457. List the prime factors of x.
2, 3, 7, 397
Let q(w) = 9*w. Let l be q(4). Let v be (54/l)/((-3)/(-428)). Suppose -2*k = -0*k + 2*p - v, 2*k = p + 214. List the prime factors of k.
107
Let k(v) = -151*v - 139. Let b = -562 + 554. List the prime factors of k(b).
1069
Suppose -2*d + 13590 = -0*d - 8256. What are the prime factors of d?
3, 11, 331
Let j(i) = 390*i**2 - 55*i - 54. List the prime factors of j(-4).
2, 3203
Let i be (5 - (1 + 1))/(2/(-166)). Let o = -142 - i. Let f = o - -22. List the prime factors of f.
3, 43
Suppose 4*f - f = -5*x + 22767, x = 3*f - 22749. What are the prime factors of f?
2, 3, 79
Let n(l) = l**3 - 7*l**2 + l - 15. Let i(z) = -2*z - 53. Let v be i(-31). What are the prime factors of n(v)?
2, 3, 13
Let u = -46623 + 70616. List the prime factors of u.
23993
Let a(j) be the first derivative of 1/2*j**2 + 13*j - 15. List the prime factors of a(12).
5
Let d = 8530 - -5314. List the prime factors of d.
2, 3461
Suppose b + 4*o = -3*b, -3*b + 5*o = 0. Suppose -x - 175 + 602 = b. List the prime factors of x.
7, 61
Let s = 4348 + -4261. Suppose -4*b + 408 = -f - 21, 4*f = 3*b - 338. Let g = b - s. What are the prime factors of g?
19
Let g = -11057 + 15722. List the prime factors of g.
3, 5, 311
Let p(q) = q - 1. Let n be p(4). Let l be (n + -4)/((-3)/21). Let o(z) = z**2 + 2*z - 21. List the prime factors of o(l).
2, 3, 7
Let y be (32/(-48))/(1/(-6)). Suppose -2*o + 7 + 6 = -5*t, 4*o = -y*t + 12. Suppose o*a = -20, -4*z - 263 = -6*z + 5*a. What are the prime factors of z?
7, 17
Let n(u) = -36*u + 93*u - 49 - 19 - 7. What are the prime factors of n(9)?
2, 3, 73
Let p = -319 + 323. What are the prime factors of (-18)/p*122/(-3)?
3, 61
Suppose 2*i + 51 = 5*g, 2*g + g + 5*i - 12 = 0. Let z be 2*4/24*g. Suppose -5*q = 5 + 15, 5*t + z*q - 1468 = 0. List the prime factors of t.
2, 37
List the prime factors of ((-1)/4*345)/(1205/(-60) - -20).
3, 5, 23
Suppose 410*i + 20395 = 411*i - c, -i - 5*c + 20389 = 0. List the prime factors of i.
2, 3, 11, 103
Let g(s) = -s**2 - 7*s - 9. Let k be (3/4)/3 + 21/(-4). Let l be g(k). List the prime factors of (10/4)/(l/184*4).
5, 23
Suppose 0 = 2*r + 5*z + 24, 5*z - 2*z = -r - 12. Let g be (r/8 - -2)*-4. What are the prime factors of -65*(g - -4)/(-2)?
5, 13
Suppose -1227 = 9*r - 36525. What are the prime factors of r?
2, 37, 53
Suppose 21*s = 16029 + 493363 + 359588. List the prime factors of s.
2, 5, 2069
Let g(r) = 4*r + 44. Let q be g(-10). Suppose -q*o + 924 = 184. What are the prime factors of o?
5, 37
Let s be (21/12)/(1/8). Suppose 2*n - s = -5*i, 0 = 5*i + 3*n - 12 + 1. Suppose 0 = -2*j + i*z + 340, 5*z - 356 = -2*j - 43. List the prime factors of j.
2, 41
Suppose 9*q - 15532 = 9227. List the prime factors of q.
3, 7, 131
Let f = -7648 - -49405. List the prime factors of f.
3, 31, 449
List the prime factors of 32003*(45/51 + 2/17)/1.
32003
Let x be 1 - (-6)/((-24)/20). Let v be (-93)/(-9) - x/6. Suppose -m = -3*q - v, 2*m + m = -3*q - 3. What are the prime factors of m?
2
Let j be ((-1134)/35)/((-3)/50). Suppose 99 = w + 4*m, 3*w + 2*w + 5*m = j. Let y = w + -74. What are the prime factors of y?
37
Let w be (213/(-3))/(0 - (-3)/3). Let t = w + 43. Let x = t - -46. List the prime factors of x.
2, 3
Let q be 4/20 - (5 + (-496)/20). What are the prime factors of (466 - 0) + (14 - q)?
2, 5, 23
Suppose 3*f + 15 - 18 = 0. What are the prime factors of 1 - f - (-727 + -11 - 4)?
2, 7, 53
Let y(l) = -39*l + 16. Let u be 3 - ((-7)/2)/(3/(-6)). Let m be y(u). Suppose 164 + m = 4*h. What are the prime factors of h?
2, 3, 7
Let p = 7224 - -345. What are the prime factors of p?
3, 29
Let c = -14094 + 15505. What are the prime factors of c?
17, 83
Let g be (-2 - -2)/(-2) - -3. Suppose -4*q + 72 = -0*w - 4*w, -g*q + w = -56. What are the prime factors of q*3 - (7 - 3)?
53
Let m(b) = -11*b**3 + 10*b**2 - 76*b - 479. List the prime factors of m(-13).
2, 13183
Let d(h) = h**3 - 14*h**2 - 20*h - 5. What are the prime factors of d(23)?
2, 3, 179
Let g(t) = 58*t - 155*t - 81*t - 6 - 10. What are the prime factors of g(-4)?
2, 3, 29
Let k = -60 - -61. Let x be k - (2/(-4))/(7/1456). Suppose l - x = -22. List the prime factors of l.
83
Let n be ((-77)/21)/(-11)*-291. Suppose 118 = z - 25. Let u = z + n. List the prime factors of u.
2, 23
Suppose -5*o + 3450 = z, -3*o + 3*z + 3571 - 1519 = 0. List the prime factors of o.
13, 53
Suppose -13*v + 15*v + 7233 = 38163. List the prime factors of v.
3, 5, 1031
Let w(s) = -5*s + 111. Let k(t) = t**2 + 17*t + 37. Let p be k(-2). List the prime factors of w(p).
2, 19
Let c(j) = 24*j - 135. Let f be c(7). Suppose 0 = -f*n + 28*n + 2*i + 2120, -n = 4*i - 402. List the prime factors of n.
2, 211
What are the prime factors of ((-4)/(-1))/(7/(-8746)*(-72)/126)?
2, 4373
Suppose -4*x + 50037 = -0*d + 3*d, 5*d = -5*x + 62540. List the prime factors of x.
3, 43, 97
Let c(v) = 407*v**2 + 27. List the prime factors of c(3).
2, 3, 5, 41
Let v(c) = 2*c**3 - 40*c**2 + 21*c - 72. What are the prime factors of v(23)?
3, 5, 239
Let c = -24555 + 55834. List the prime factors of c.
31, 1009
Let t(o) = 41*o - 91. Let z be t(8). Let j = 147 + z. What are the prime factors of j?
2, 3
Let z be 63/(-49) + 1 - 52/14. What are the prime factors of (-2891)/z + (-47)/(-188)?
3, 241
Let d = -1536 - -1539. Let y(o) = -o - 1. Let n be y(-1). Suppose h - 3*w = -n*w + 23, -d*w + 117 = 3*h. List the prime factors of h.
5, 7
What are the prime factors of (236/(-6) + 18)*(-414)/8?
2, 3, 23
Suppose m = 3*f - 246 + 2, m = -4*f + 316. Let c = f + 130. What are the prime factors of c?
2, 3, 5, 7
Suppose -3*o = -5*o. Let u be o - (-8 + 9/3). Suppose 3*s - 139 = -3*m + 89, -u*m + 4*s + 389 = 0. List the prime factors of m.
7, 11
Suppose 5*u + w + 2*w = -336, -5*u - 5*w - 330 = 0. Let r = u - -153. What are the prime factors of r?
2, 3, 7
Suppose -26018 = -2*f - 2*r, r = -55*f + 56*f - 13003. What are the prime factors of f?
2, 7, 929
What are the prime factors of (-33160)/(-6) + (-32)/48?
2, 3, 307
Let q(x) = -x**2 + 2*x + 14. Let r be q(12). Let k = 94 + r. Let o = 51 + k. List the prime factors of o.
3, 13
Suppose 0 = -2*n - 4*d - 294, -4*d - 373 = 4*n + 203. Let z(c) = 201*c. Let o be z(1). Let q = o + n. List the prime factors of q.
2, 3, 5
Suppose 0 = -5*f + 5*d - 700 - 4855, -2*d = -f - 1106. Let n be (-8)/(-28) + f/(-14). Suppose 2*j - 4*v = n, j - 111 = -2*j + 3*v. List the prime factors of j.
2, 17
Let j be 925 + (-8 - -7)*(3 + -3). Let f = j - 451. What are the prime factors of f?
2, 3, 79
Let y(f) = 174*f - 10. Let l be y(5). Suppose -10*n = -0*n - l. Let m = -10 + n. List the prime factors of m.
2, 19
Suppose 306*g = 311*g - 11990. List the prime factors of g.
2, 11, 109
Let v(c) = -64*c + 20. Suppose 2*q + 5 = 1. List the prime factors of v(q).
2, 37
Let p(h) = 2*h + 52. Let u be p(-24). Suppose 5*r + 3432 = u*o, -2*r = -4 - 4. List the prime factors of o.
863
Let i(w) = -w**3 + 8*w**2 - 12*w + 2. Let g be i(5). Let f(t) = -3 + g*t**2 + 1 - 7 - t**3 + 0 - 21*t. List the prime factors of f(15).
2, 3, 7
Let a = 81 + -77. Suppose 5*p = n + 161, -a*p = -n - 0*n - 128. Let c = p - -26. List the prime factors of c.
59
What are the prime factors of 58/(-8) + (-135)/180 + 6979?
6971
What are the prime factors of 37/(259/345814) + -18?
2, 6173
Let r(t) = -8*t - 71. Let g be r(-11). Suppose -g*u = -5*z - 13*u + 1917, -4*u = -2*z + 762. List the prime factors of z.
5, 7, 11
What are the prime factors of (3 - 7780)*(-1 + (1 - 1))?
7, 11, 101
Let r be (-6)/(-24) - 103/(-4). Let k = -17 + r. Let b = 36 - k. List the prime factors of b.
3
Suppose -3*c = -i - 28, -4*c + 23 - 4 = -5*i. List the prime factors of 90*22 + (-5 + c)/(-2).
3, 659
Suppose 17*b - 18*b - 1013 = -3*z, 0 = -z + b + 341. What are the prime factors of z?
2, 3, 7
L